{"id":156,"date":"2017-09-17T16:24:57","date_gmt":"2017-09-17T16:24:57","guid":{"rendered":"http:\/\/suavecita.hr\/wrp\/?page_id=156"},"modified":"2017-11-22T22:50:23","modified_gmt":"2017-11-22T21:50:23","slug":"dream-team","status":"publish","type":"page","link":"http:\/\/www.suavecita.hr\/wrp\/dream-team\/","title":{"rendered":"Dream team"},"content":{"rendered":"[vc_row type=&#8221;full_width_background&#8221; full_screen_row_position=&#8221;middle&#8221; equal_height=&#8221;yes&#8221; content_placement=&#8221;middle&#8221; bg_color=&#8221;#ffffff&#8221; scene_position=&#8221;center&#8221; text_color=&#8221;dark&#8221; text_align=&#8221;left&#8221; top_padding=&#8221;4%&#8221; bottom_padding=&#8221;7%&#8221; overlay_strength=&#8221;0.3&#8243;][vc_column column_padding=&#8221;no-extra-padding&#8221; column_padding_position=&#8221;all&#8221; background_color_opacity=&#8221;1&#8243; background_hover_color_opacity=&#8221;1&#8243; column_shadow=&#8221;none&#8221; width=&#8221;1\/2&#8243; tablet_text_alignment=&#8221;default&#8221; phone_text_alignment=&#8221;default&#8221; column_border_width=&#8221;none&#8221; column_border_style=&#8221;solid&#8221;]<div class=\"img-with-aniamtion-wrap center\" data-max-width=\"100%\"><div class=\"inner\"><img data-shadow=\"none\" data-shadow-direction=\"middle\" class=\"img-with-animation \" data-delay=\"0\" height=\"897\" width=\"460\" data-animation=\"fade-in\" src=\"http:\/\/www.suavecita.hr\/wrp\/wp-content\/uploads\/2017\/09\/Tajana-Goran-cutout.png\" srcset=\"http:\/\/www.suavecita.hr\/wrp\/wp-content\/uploads\/2017\/09\/Tajana-Goran-cutout.png 460w, http:\/\/www.suavecita.hr\/wrp\/wp-content\/uploads\/2017\/09\/Tajana-Goran-cutout-154x300.png 154w\" sizes=\"100vw\" alt=\"\" \/><\/div><\/div>[\/vc_column][vc_column column_padding=&#8221;padding-5-percent&#8221; column_padding_position=&#8221;all&#8221; background_color_opacity=&#8221;1&#8243; background_hover_color_opacity=&#8221;1&#8243; column_shadow=&#8221;none&#8221; width=&#8221;1\/2&#8243; tablet_text_alignment=&#8221;default&#8221; phone_text_alignment=&#8221;default&#8221; column_border_width=&#8221;none&#8221; column_border_style=&#8221;solid&#8221;][vc_custom_heading text=&#8221;Everything starts with a dream&#8230; But you need a Dream Team to make it happen!&#8221; font_container=&#8221;tag:h2|font_size:40|text_align:left|line_height:50px&#8221; use_theme_fonts=&#8221;yes&#8221;][vc_custom_heading text=&#8221;Tajana Varunek i Goran Grguri\u0107&#8221; font_container=&#8221;tag:h2|text_align:left|color:%23bfbfbf&#8221; use_theme_fonts=&#8221;yes&#8221; css=&#8221;.vc_custom_1505757163195{margin-bottom: 10px !important;}&#8221;]<div class=\"divider-wrap\"><div style=\"height: 20px;\" class=\"divider\"><\/div><\/div>[vc_column_text css=&#8221;.vc_custom_1505811298755{margin-top: 30px !important;margin-bottom: 30px !important;}&#8221;]Tajana i Goran su strastveni plesa\u010di\u00a0<strong>Salse On2 New York<\/strong> stila koji im poma\u017ee da izraze svoju <strong>kreativnost, muzikalnost, eleganciju i energi\u010dnost<\/strong> kroz ples. Oni dijele svoje veselje, entuzijazam i strast prema plesu svakodnevno na plesnom podiju, mo\u017eete ih sresti na ve\u0107ini plesnih podija u gradu (a i pitati za ples uvijek), a s rado\u0161\u0107u \u0107e vam otkriti sve tajne plesa i u dvorani.<\/p>\n<p>Svijet mo\u017ee biti ljep\u0161e mjesto ako otple\u0161emo kroz njega, a Tajana i Goran \u0107e vam s rado\u0161\u0107u pomo\u0107i da vam <strong>plesni koraci budu lak\u0161i<\/strong>, da ohrabrite\u00a0<strong>plesa\u010da u sebi<\/strong>\u00a0te \u0107e izvu\u0107i va\u0161 <strong>talent<\/strong>\u00a0i va\u0161u <strong>osobnost<\/strong> na svjetlo dana &#8211; gdje i pripada.[\/vc_column_text][nectar_icon icon_family=&#8221;iconsmind&#8221; icon_style=&#8221;default&#8221; icon_color=&#8221;Accent-Color&#8221; open_new_tab=&#8221;true&#8221; icon_padding=&#8221;20px&#8221; icon_iconsmind=&#8221;iconsmind-Facebook-2&#8243; icon_size=&#8221;35&#8243; margin_left=&#8221;-20px&#8221; url=&#8221;https:\/\/www.facebook.com\/dancestudiosuavecita&#8221;][nectar_icon icon_family=&#8221;iconsmind&#8221; icon_style=&#8221;default&#8221; icon_color=&#8221;Accent-Color&#8221; open_new_tab=&#8221;true&#8221; icon_padding=&#8221;20px&#8221; icon_iconsmind=&#8221;iconsmind-Instagram&#8221; icon_size=&#8221;35&#8243; url=&#8221;https:\/\/www.instagram.com\/suavecita.zg&#8221;][nectar_icon icon_family=&#8221;iconsmind&#8221; icon_style=&#8221;default&#8221; icon_color=&#8221;Accent-Color&#8221; open_new_tab=&#8221;true&#8221; icon_padding=&#8221;20px&#8221; icon_iconsmind=&#8221;iconsmind-Youtube&#8221; icon_size=&#8221;35&#8243; url=&#8221;https:\/\/www.youtube.com\/channel\/UCQNyKwbT3FIs7aPrN7Nhy4w&#8221;][\/vc_column][\/vc_row][vc_row type=&#8221;in_container&#8221; full_screen_row_position=&#8221;middle&#8221; scene_position=&#8221;center&#8221; text_color=&#8221;dark&#8221; text_align=&#8221;left&#8221; overlay_strength=&#8221;0.3&#8243;][vc_column column_padding=&#8221;padding-4-percent&#8221; column_padding_position=&#8221;right&#8221; background_color_opacity=&#8221;1&#8243; background_hover_color_opacity=&#8221;1&#8243; column_shadow=&#8221;none&#8221; width=&#8221;1\/2&#8243; tablet_text_alignment=&#8221;default&#8221; phone_text_alignment=&#8221;default&#8221; column_border_width=&#8221;none&#8221; column_border_style=&#8221;solid&#8221;][vc_custom_heading text=&#8221;Tajana&#8221; font_container=&#8221;tag:h2|font_size:40|text_align:left|line_height:50px&#8221; use_theme_fonts=&#8221;yes&#8221;][vc_custom_heading text=&#8221;Voditeljica plesne \u0161kole, instruktor i plesa\u010d&#8221; font_container=&#8221;tag:h3|text_align:left|color:%23bfbfbf&#8221; use_theme_fonts=&#8221;yes&#8221; css=&#8221;.vc_custom_1505896105446{margin-bottom: 10px !important;}&#8221;][vc_column_text]Tajana Varunek jedna je od glavnih <strong>ambasadorica hrvatske salsa scene<\/strong>, dugogodi\u0161nja plesa\u010dica i instruktorica. U salsu se zaljubila jo\u0161 davne 2004. te je izgradila <strong>osebujan plesni stil<\/strong> kombiniraju\u0107i senzualne salsa pokrete s bogatim iskustvom i plesnom tehnikom iz podru\u010dja jazz i show dancea. Na plesnom podiju o\u010darat \u0107e vas svojim <strong>\u0161irokim osmijehom, senzualnim pokretima, visokim \u0161tiklama i neiscrpnom energijom<\/strong>. Ona \u017eivi svaku plesnu sekundu i zarazit \u0107e vas svojom <strong>ljubavlju prema plesu<\/strong>, glazbi i pokretu.<\/p>\n<p>Kao voditeljica i glavna instruktorica plesne \u0161kole <em>Salsoteca <\/em>od od 2007. do 2016. godine organizirala je i sudjelovala u nebrojenim salsa doga\u0111anjima na hrvatskoj i me\u0111unarodnoj salsa sceni, te je svoje znanje i ljubav prema plesu prenijela na mnoge generacije salsa plesa\u010da.[\/vc_column_text]<div class=\"divider-wrap\"><div style=\"height: 35px;\" class=\"divider\"><\/div><\/div>[nectar_btn size=&#8221;small&#8221; button_style=&#8221;regular&#8221; button_color_2=&#8221;Accent-Color&#8221; icon_family=&#8221;none&#8221; url=&#8221;http:\/\/suavecita.hr\/wrp\/tajana\/&#8221; text=&#8221;Pro\u010ditaj sve o Tajani&#8221;][\/vc_column][vc_column column_padding=&#8221;no-extra-padding&#8221; column_padding_position=&#8221;all&#8221; background_color_opacity=&#8221;1&#8243; background_hover_color_opacity=&#8221;1&#8243; column_shadow=&#8221;none&#8221; width=&#8221;1\/2&#8243; tablet_text_alignment=&#8221;default&#8221; phone_text_alignment=&#8221;default&#8221; column_border_width=&#8221;none&#8221; column_border_style=&#8221;solid&#8221;][vc_custom_heading text=&#8221;Goran&#8221; font_container=&#8221;tag:h2|font_size:40|text_align:left|line_height:50px&#8221; use_theme_fonts=&#8221;yes&#8221;][vc_custom_heading text=&#8221;Instruktor i plesa\u010d&#8221; font_container=&#8221;tag:h3|text_align:left|color:%23bfbfbf&#8221; use_theme_fonts=&#8221;yes&#8221; css=&#8221;.vc_custom_1505761131878{margin-bottom: 10px !important;}&#8221;][vc_column_text]Goran je jedan od najboljih i najomiljenih\u00a0<em>social<\/em> plesa\u010da u Hrvatskoj, a svoj plesni talent brusi jo\u0161 od 2010. godine.\u00a0 Po\u010deo je plesati u <em>Subosu<\/em>, ali ubrzo pronalazi svoj dom u plesnoj \u0161koli <em>Salsoteca<\/em> gdje u\u010di plesati od Tajane i Rickya. Njegov ples, prepun <strong>okreta i kreativnih figura<\/strong> u kombinaciji s\u00a0<strong>preciznim i nje\u017enim vo\u0111enjem,<\/strong>\u00a0stvara prostor svakoj plesa\u010dici da se uz njega osje\u0107a kao kraljica plesnog podija. Njegova <strong>muzikalnost<\/strong> najvi\u0161e dolazi do izra\u017eaja kada ga &#8220;pogodi pjesma&#8221;, pogotovo ako je <em>salsa romantica<\/em> ili, jo\u0161 bolje, pjesma od Gilberta Santa Rose.<\/p>\n<p>Goran osvaja svojom <strong>kreativno\u0161\u0107u, talentom, zaraznim osmjehom i veseljem, pa\u017enjom i otvoreno\u0161\u0107u, stra\u0161\u0107u prema salsi i neumornim plesanjem<\/strong>. Nijedna plesa\u010dica ne propu\u0161ta da ju Goran <em>izvrti<\/em> na plesnom podiju i sve se uvijek vrate po barem jo\u0161 jedan ples :)[\/vc_column_text][\/vc_column][\/vc_row][vc_row type=&#8221;in_container&#8221; full_screen_row_position=&#8221;middle&#8221; scene_position=&#8221;center&#8221; text_color=&#8221;dark&#8221; text_align=&#8221;left&#8221; top_padding=&#8221;50&#8243; bottom_padding=&#8221;100&#8243; overlay_strength=&#8221;0.3&#8243;][vc_column column_padding=&#8221;padding-3-percent&#8221; column_padding_position=&#8221;right&#8221; background_color_opacity=&#8221;1&#8243; background_hover_color_opacity=&#8221;1&#8243; column_shadow=&#8221;none&#8221; width=&#8221;1\/2&#8243; tablet_text_alignment=&#8221;default&#8221; phone_text_alignment=&#8221;default&#8221; column_border_width=&#8221;none&#8221; column_border_style=&#8221;solid&#8221;]\r\n\t<div class=\"nectar-progress-bar\">\r\n\t\t<p>Brzina<\/p>\r\n\t\t<div class=\"bar-wrap\"><span class=\"accent-color\" data-width=\"90\"> <strong><i>90<\/i>%<\/strong> <\/span><\/div>\r\n\t<\/div>\r\n\t<div class=\"nectar-progress-bar\">\r\n\t\t<p>Plesanje na javnim mjestima<\/p>\r\n\t\t<div class=\"bar-wrap\"><span class=\"accent-color\" data-width=\"63\"> <strong><i>63<\/i>%<\/strong> <\/span><\/div>\r\n\t<\/div>\r\n\t<div class=\"nectar-progress-bar\">\r\n\t\t<p>Broj otpra\u0107enih figura<\/p>\r\n\t\t<div class=\"bar-wrap\"><span class=\"accent-color\" data-width=\"99\"> <strong><i>99<\/i>%<\/strong> <\/span><\/div>\r\n\t<\/div>\r\n\t<div class=\"nectar-progress-bar\">\r\n\t\t<p>Hijacking<\/p>\r\n\t\t<div class=\"bar-wrap\"><span class=\"accent-color\" data-width=\"23\"> <strong><i>23<\/i>%<\/strong> <\/span><\/div>\r\n\t<\/div>\r\n\t<div class=\"nectar-progress-bar\">\r\n\t\t<p>Osmijeh nakon plesa (ili pogled)<\/p>\r\n\t\t<div class=\"bar-wrap\"><span class=\"accent-color\" data-width=\"100\"> <strong><i>100<\/i>%<\/strong> <\/span><\/div>\r\n\t<\/div>[\/vc_column][vc_column column_padding=&#8221;padding-3-percent&#8221; column_padding_position=&#8221;right&#8221; background_color_opacity=&#8221;1&#8243; background_hover_color_opacity=&#8221;1&#8243; column_shadow=&#8221;none&#8221; width=&#8221;1\/2&#8243; tablet_text_alignment=&#8221;default&#8221; phone_text_alignment=&#8221;default&#8221; column_border_width=&#8221;none&#8221; column_border_style=&#8221;solid&#8221;]\r\n\t<div class=\"nectar-progress-bar\">\r\n\t\t<p>Broj spinova u figurama<\/p>\r\n\t\t<div class=\"bar-wrap\"><span class=\"accent-color\" data-width=\"93\"> <strong><i>93<\/i>%<\/strong> <\/span><\/div>\r\n\t<\/div>\r\n\t<div class=\"nectar-progress-bar\">\r\n\t\t<p>Osmijeh tijekom plesa<\/p>\r\n\t\t<div class=\"bar-wrap\"><span class=\"accent-color\" data-width=\"79\"> <strong><i>79<\/i>%<\/strong> <\/span><\/div>\r\n\t<\/div>\r\n\t<div class=\"nectar-progress-bar\">\r\n\t\t<p>Komplicirane figure<\/p>\r\n\t\t<div class=\"bar-wrap\"><span class=\"accent-color\" data-width=\"43\"> <strong><i>43<\/i>%<\/strong> <\/span><\/div>\r\n\t<\/div>\r\n\t<div class=\"nectar-progress-bar\">\r\n\t\t<p>Interpretacija glazbe<\/p>\r\n\t\t<div class=\"bar-wrap\"><span class=\"accent-color\" data-width=\"73\"> <strong><i>73<\/i>%<\/strong> <\/span><\/div>\r\n\t<\/div>\r\n\t<div class=\"nectar-progress-bar\">\r\n\t\t<p>Osmijeh djevojke nakon plesa<\/p>\r\n\t\t<div class=\"bar-wrap\"><span class=\"accent-color\" data-width=\"100\"> <strong><i>100<\/i>%<\/strong> <\/span><\/div>\r\n\t<\/div>[\/vc_column][\/vc_row]\n","protected":false},"excerpt":{"rendered":"<p>[vc_row type=&#8221;full_width_background&#8221; full_screen_row_position=&#8221;middle&#8221; equal_height=&#8221;yes&#8221; content_placement=&#8221;middle&#8221; bg_color=&#8221;#ffffff&#8221; scene_position=&#8221;center&#8221; text_color=&#8221;dark&#8221; text_align=&#8221;left&#8221; top_padding=&#8221;4%&#8221; bottom_padding=&#8221;7%&#8221; overlay_strength=&#8221;0.3&#8243;][vc_column column_padding=&#8221;no-extra-padding&#8221; column_padding_position=&#8221;all&#8221; background_color_opacity=&#8221;1&#8243; background_hover_color_opacity=&#8221;1&#8243; column_shadow=&#8221;none&#8221; width=&#8221;1\/2&#8243; tablet_text_alignment=&#8221;default&#8221; phone_text_alignment=&#8221;default&#8221; column_border_width=&#8221;none&#8221; column_border_style=&#8221;solid&#8221;][\/vc_column][vc_column column_padding=&#8221;padding-5-percent&#8221; column_padding_position=&#8221;all&#8221; background_color_opacity=&#8221;1&#8243; background_hover_color_opacity=&#8221;1&#8243; column_shadow=&#8221;none&#8221; width=&#8221;1\/2&#8243; tablet_text_alignment=&#8221;default&#8221; phone_text_alignment=&#8221;default&#8221;&#8230;<\/p>\n","protected":false},"author":1,"featured_media":0,"parent":0,"menu_order":0,"comment_status":"closed","ping_status":"closed","template":"","meta":[],"_links":{"self":[{"href":"http:\/\/www.suavecita.hr\/wrp\/wp-json\/wp\/v2\/pages\/156"}],"collection":[{"href":"http:\/\/www.suavecita.hr\/wrp\/wp-json\/wp\/v2\/pages"}],"about":[{"href":"http:\/\/www.suavecita.hr\/wrp\/wp-json\/wp\/v2\/types\/page"}],"author":[{"embeddable":true,"href":"http:\/\/www.suavecita.hr\/wrp\/wp-json\/wp\/v2\/users\/1"}],"replies":[{"embeddable":true,"href":"http:\/\/www.suavecita.hr\/wrp\/wp-json\/wp\/v2\/comments?post=156"}],"version-history":[{"count":26,"href":"http:\/\/www.suavecita.hr\/wrp\/wp-json\/wp\/v2\/pages\/156\/revisions"}],"predecessor-version":[{"id":690,"href":"http:\/\/www.suavecita.hr\/wrp\/wp-json\/wp\/v2\/pages\/156\/revisions\/690"}],"wp:attachment":[{"href":"http:\/\/www.suavecita.hr\/wrp\/wp-json\/wp\/v2\/media?parent=156"}],"curies":[{"name":"wp","href":"https:\/\/api.w.org\/{rel}","templated":true}]}}